*r**4/24 + 5*r**3/6 + 8*r**2. List the prime factors of p(o).
5
Suppose 25563 = 36*g - 3093. What are the prime factors of g?
2, 199
Suppose 15*h = 18*h - 558. Let g = h + -131. List the prime factors of g.
5, 11
Suppose -130 = 2*j - 5*p + 17, 4*j = -2*p - 234. Let w = j + 336. List the prime factors of w.
5, 11
Suppose -3*h - 2*f - 1 = 0, -5*h + 2*f = -4*h - 13. Suppose -h*z = 2*b - 30, 3*b + 7*z = 2*z + 45. List the prime factors of b.
3, 5
Let w = -13 + 15. Suppose -v + 31 + 38 = 0. Suppose 5*t - w*t = v. What are the prime factors of t?
23
Let c = -20 - -6. Let p = c - -91. What are the prime factors of p?
7, 11
Let p = -5 - 11. Let f = p + 55. List the prime factors of f.
3, 13
Let f(i) = 2*i - 3. Let o be f(3). Suppose 5*x + 2*h - 53 = o*h, 4 = 2*h. List the prime factors of x.
11
Suppose 5*m = m + 644. Let q = m + -93. Suppose q + 16 = 4*i. What are the prime factors of i?
3, 7
Let m(c) = 3*c**2 + 5*c + 2. Let w be m(-2). Let i(s) be the third derivative of s**5/60 + s**4/8 - s**3/3 + 5*s**2. What are the prime factors of i(w)?
2, 13
Suppose 5*k - 2 - 4 = -s, -3*s = 5*k + 2. Suppose 2*d - 3*d = k*o - 49, -10 = -2*d. Suppose 0 = -4*w - o + 86. What are the prime factors of w?
2
Let n(a) = a**2 + 22*a - 26. What are the prime factors of n(17)?
7, 13
Suppose -30*d + 5004 = -21*d. What are the prime factors of d?
2, 139
Let n(l) = 78*l**2 - 33*l - 8. What are the prime factors of n(-5)?
7, 43
Suppose 19*d = -919 + 5232. What are the prime factors of d?
227
Suppose 4*y + p - 689 = 443, 2*p = -8. Suppose -145 - y = -3*m. List the prime factors of m.
11, 13
Suppose -4*h - 67 + 1103 = 0. List the prime factors of h.
7, 37
Let o = 686 - 542. What are the prime factors of o?
2, 3
Let q(k) = -k**2 - 9*k - 3. Let j be q(-8). Suppose o - j*m = 3*o + 105, 165 = -4*o - m. What are the prime factors of (-6)/((-4)/o*-6)?
2, 5
Let u = 76 - 71. Let t(d) = -d + 11. Let w be t(6). Suppose -u*b = -x + 42, -x - w*b = 3*x - 68. List the prime factors of x.
2, 11
Let i = 2607 - 1792. List the prime factors of i.
5, 163
Let x(c) = 4 + 212*c + 212*c - c**2 - 417*c. Let z = 11 - 5. What are the prime factors of x(z)?
2, 5
Suppose 0 = -3*s + 5*l + 189, 3*l + 299 = 4*s + s. Suppose -q = -0*q - s. What are the prime factors of q?
2, 29
List the prime factors of -3 + (1/7 - (-26520)/70).
2, 47
List the prime factors of -8 - 9*(2 - 5).
19
Suppose 10*s + 3910 = 11740. List the prime factors of s.
3, 29
List the prime factors of (-15 - 18)*(-58)/6.
11, 29
Let x be (-112)/(-7)*(-1)/(-2). Let p(b) = -b + 10. List the prime factors of p(x).
2
Suppose 5*j + 2*i = 1368 + 67, -5*i + 1420 = 5*j. List the prime factors of j.
17
Let h = -17 - -17. Suppose 2*i - 233 = -4*g + 7*i, h = -2*g - 3*i + 111. What are the prime factors of g?
3, 19
Suppose p + 2*f - 6 = -p, 2*f = -p + 4. Suppose -p*d + 376 = -0*d - 3*o, 0 = 2*d + 3*o - 400. What are the prime factors of d?
2, 97
Suppose 0 = -5*m + n - 12, -2 = 2*m + n - 0. List the prime factors of m - (-32)/(-48)*(-336)/2.
2, 5, 11
Let n = 2171 - 974. What are the prime factors of n?
3, 7, 19
Let w = -299 + 730. Let d = w - 295. Suppose -7*h + d = -3*h. What are the prime factors of h?
2, 17
Suppose 5*a - 5*o = 50, -a + 3*o = 3*a - 45. What are the prime factors of (a/10)/((-3)/(-128))?
2
Let s = 3 - 3. Suppose -5*f - 2*d + 190 = s, -2*f + 3*f - 50 = 2*d. Let k = 1 + f. List the prime factors of k.
41
Suppose -46*x + 49*x - 12 = 0, -5*y - 5*x + 2555 = 0. List the prime factors of y.
3, 13
List the prime factors of (14/(-4))/(1/(-2)).
7
Suppose -2*o = 2*c + 2*o - 24, 5*o = 25. Suppose 5*z = c*m - 0*z - 230, 0 = -5*z - 20. Let j = -72 + m. What are the prime factors of j?
3, 11
Let o(f) = -783*f**2 - 2*f + 1. Let a be o(-1). List the prime factors of ((-2)/6)/(13/a).
2, 5
What are the prime factors of 3*(6 - 8680/(-24))?
1103
Let w = 149 + -64. Suppose 5*m - w = 445. List the prime factors of m.
2, 53
Suppose 13*k - 11492 + 442 = 0. What are the prime factors of k?
2, 5, 17
Suppose -2*w = 5*k - 18, 3*w - k - 27 = -2*k. Let f be w/27 - (-443)/3. Suppose -f = -3*z + 47. What are the prime factors of z?
5, 13
Let t be (6 - 3)*(1 + 8). Let f = t + -10. Suppose 0 = -f*p + 19*p - 138. What are the prime factors of p?
3, 23
Let c(k) = 5*k**3 - 2*k**2 + 5*k - 10. List the prime factors of c(5).
2, 5, 59
Let w be (-1 - 0)*-2 - -222. Suppose -3*d - w = -d. List the prime factors of d/(-18) - 6/27.
2, 3
List the prime factors of (-2 - -8)*(-94471)/(-258).
13
Suppose 0*i + 3 = 3*i. List the prime factors of (4 + 241 + i)*1/3.
2, 41
Suppose 7 = g + 3. Suppose -3*m + 94 = 4*b, 9*b - 2*m = g*b + 129. List the prime factors of b.
5
Suppose -6*g + 4 = -8. Suppose -g*q + 41 = 3*x - 19, 2*x - 31 = -q. List the prime factors of q.
3
Let k(o) = o**3 - 7*o**2 - o + 20. Let m be (0 - -4) + 6/2. What are the prime factors of k(m)?
13
Let d = -2031 + 2213. What are the prime factors of d?
2, 7, 13
Let a(h) = 19*h**2 + 4*h + 2. Suppose 5*j = -2*l - 24 - 0, -5*j = -4*l + 12. What are the prime factors of a(l)?
2, 5, 7
Let r(h) = -h**2 + 4*h - 3. Let z be r(4). What are the prime factors of (66/4)/z*(-2 - 12)?
7, 11
Suppose 9*s - 2*s = 3360. What are the prime factors of s?
2, 3, 5
Let w be (-18)/15*45/(-6). Let i(k) be the third derivative of 5*k**4/24 + k**3/2 - 21*k**2. List the prime factors of i(w).
2, 3
Let b = -23 - -15. What are the prime factors of b/(-20)*5 + 95 + 0?
97
Let w(l) = l - 1. Let h be w(5). Suppose 3*m + 2*n = -m + 38, -h*n + 22 = 2*m. What are the prime factors of m?
3
Suppose -6*g + 5*g - 85 = 0. Let h = g + 179. What are the prime factors of h?
2, 47
Suppose -2682 = -2*z + 2*h, -5374 = -4*z - 4*h + 3*h. List the prime factors of z.
17, 79
Let i = 115 - -2301. What are the prime factors of i?
2, 151
Let g = -13 + 16. Let b = g - 18. What are the prime factors of 32/(3 - b/(-6))?
2
Let t(c) = -c**3 + 5*c**2 + 9*c + 33. List the prime factors of t(-5).
2, 7, 17
List the prime factors of 1760/(-33)*(-3 - 189/12).
2, 5
Suppose 3*n = 5*o - 13, -3*n = -5*n + 3*o - 7. Let p(x) = 0*x**2 - x**3 + x + n*x**2 - 4*x + 2*x**2. What are the prime factors of p(5)?
2, 5
Suppose -4*x = -x - 42. Suppose -2*q + 249 = -t, 368 = 3*q + 5*t + x. List the prime factors of q.
3, 41
Suppose 119*p - 246816 = 47*p. What are the prime factors of p?
2, 857
Let r(u) = -u**3 + 26*u**2 - 22*u - 42. List the prime factors of r(23).
1039
Let n(c) = 2*c + 6. Let d be n(-4). Let u be (3 + d + -3)*2. What are the prime factors of (50/4)/(u/(-8))?
5
Let m be (1 - (3 + -2)) + 1. Let y = -1 + m. Suppose 20 = 2*s - y*s. What are the prime factors of s?
2, 5
Let s be 1/(((-21)/(-9))/7). Let q be -1 + -4 + s + 7. Suppose -5*m = -q*f + 65, 16 = 4*f + 5*m - 36. What are the prime factors of f?
13
Suppose -3*q = -6*q + 2*u + 820, -4*u - 1088 = -4*q. List the prime factors of q.
2, 3, 23
Suppose -2*x = -5*x. Suppose x = -n + 3*n - 56. Let w = -18 + n. List the prime factors of w.
2, 5
What are the prime factors of (-2128)/(-665)*(-385)/(-2)?
2, 7, 11
What are the prime factors of (-506800)/420*(-6)/8*2?
2, 5, 181
Suppose 4*o = 2*c - 40, 2*c + o - 40 = -3*o. Let u = -6 + c. What are the prime factors of (-36)/7*u/(-4)?
2, 3
Let x(a) = -103*a**3 - a**2 - 3*a - 3. Let l be x(-1). Let q = l + -36. What are the prime factors of q?
2, 3, 11
Let x = 142 + -142. Suppose -4*o = -20, -2*o - 222 = -2*u - x*u. What are the prime factors of u?
2, 29
Let v(r) = 2*r + 3. Suppose 0*y - 3*y = -d + 18, -4*y = 3*d + 24. Let o be 3 + (-4)/y*3. What are the prime factors of v(o)?
13
Suppose h - 3350 = -h. What are the prime factors of h?
5, 67
Let v be (-763)/(-21) - 4/(-6). Suppose -2*q + v + 33 = 0. Suppose -r + q = 5. What are the prime factors of r?
2, 3, 5
Let d be 1/6 - (-14)/(-12). Let w be ((-66)/15)/(d/5). Suppose l - 53 = -w. List the prime factors of l.
31
What are the prime factors of 12/(-54) + 41635/45 + 1?
2, 463
Suppose 575*p - 562*p = 11518. List the prime factors of p.
2, 443
Let t(v) = 4*v + 9*v - 5 - 15*v. Let d be t(0). Let p = d + 14. What are the prime factors of p?
3
Suppose 106 = 3*r + 2*i, -r + 4 = 3*i - 43. Suppose 64 + r = 8*v. List the prime factors of v.
2, 3
Let m(y) = 361*y + 3. Let p be m(3). Suppose 7*c - c = p. List the prime factors of c.
181
Let f = -4 - 3. Let x(g) = 5*